{"id":391,"date":"2024-09-19T11:04:58","date_gmt":"2024-09-19T09:04:58","guid":{"rendered":"https:\/\/www.interreg-alert.eu\/alert-pyr\/?page_id=391"},"modified":"2024-09-19T11:04:58","modified_gmt":"2024-09-19T09:04:58","slug":"informacion-legal","status":"publish","type":"page","link":"https:\/\/www.interreg-alert.eu\/alert-pyr\/es\/informacion-legal\/","title":{"rendered":"Informaci\u00f3n legal"},"content":{"rendered":"<p><strong>El presente aviso legal se aplica a todos los internautas que visiten la p\u00e1gina web del Servicio Departamental de Extinci\u00f3n de Incendios y Salvamento de los Pirineos Atl\u00e1nticos.<\/strong><\/p>\n<p>Al consultar este sitio, usted acepta las condiciones de uso descritas en los avisos legales y se compromete sin reservas a respetarlas. Estos avisos legales pueden ser modificados en cualquier momento y sin previo aviso, por lo que le invitamos a consultarlos con regularidad.<\/p>\n<h2>Editor<\/h2>\n<p><strong>Servicio Departamental de Extinci\u00f3n de Incendios y Salvamento de los Pirineos Atl\u00e1nticos<\/strong><br \/>\nBP 1622<br \/>\n33 avenue du Mar\u00e9chal Leclerc<br \/>\n64000 PAU cedex<br \/>\nTel\u00e9fono: 05 64 64 00 01<br \/>\nDirecci\u00f3n de correo electr\u00f3nico: <a href=\"mailto:transfrontalier@sdis64.fr\">transfrontalier@sdis64.fr<\/a><\/p>\n<h2>Dise\u00f1o y alojamiento de p\u00e1ginas web<\/h2>\n<p><strong>REZO 21, dise\u00f1ador de sitios web<\/strong><br \/>\nLes Pyramides<br \/>\n4 route de Pitoys,<br \/>\n64600 Anglet<br \/>\nTel: 05 59 20 89 97<br \/>\nP\u00e1gina web: <a href=\"https:\/\/www.rezo21.net\/\" rel=\"nofollow\">www.rezo21.net<\/a><br \/>\nDirecci\u00f3n de correo electr\u00f3nico: <a href=\"mailto:contact@rezo21.net\">contact@rezo21.net<\/a><\/p>\n<h2>Enlaces de hipertexto<\/h2>\n<p>La p\u00e1gina web del Servicio Departamental de Extinci\u00f3n de Incendios y Salvamento de los Pirineos Atl\u00e1nticos contiene enlaces de hipertexto que dirigen a los usuarios a otras p\u00e1ginas web. La p\u00e1gina web del Servicio Departamental de Extinci\u00f3n de Incendios y Salvamento de los Pirineos Atl\u00e1nticos no ejerce ning\u00fan control sobre las p\u00e1ginas web enlazadas a la suya y, por lo tanto, no se hace responsable de su contenido.<\/p>\n<h2>Derechos de autor y propiedad intelectual<\/h2>\n<p>La totalidad de esta p\u00e1gina web est\u00e1 amparada por la legislaci\u00f3n francesa e internacional en materia de derechos de autor y propiedad intelectual. Todos los derechos de reproducci\u00f3n est\u00e1n reservados. Queda terminantemente prohibida la reproducci\u00f3n total o parcial de este sitio en cualquier soporte sin la autorizaci\u00f3n previa y expresa del director de la publicaci\u00f3n. Se autoriza la reproducci\u00f3n en papel de los textos de este sitio, siempre que se respeten las siguientes condiciones: libre distribuci\u00f3n, respeto de la integridad de los documentos reproducidos: sin modificaciones ni alteraciones de ning\u00fan tipo, citaci\u00f3n clara y legible de la fuente.<\/p>\n<h2>Datos personales y confidencialidad<\/h2>\n<p>La p\u00e1gina web del Servicio Departamental de Extinci\u00f3n de Incendios y Salvamento de los Pirineos Atl\u00e1nticos no registra ninguna informaci\u00f3n personal que permita su identificaci\u00f3n, a excepci\u00f3n de los formularios que los usuarios pueden rellenar libremente. La informaci\u00f3n recogida en este sitio est\u00e1 <strong>protegida por el Reglamento Europeo de Protecci\u00f3n de Datos (RGPD)<\/strong>. De acuerdo con la legislaci\u00f3n vigente, se procesa de forma leal, respetando los requisitos de finalidad, pertinencia, periodo de conservaci\u00f3n, derechos personales, seguridad y documentaci\u00f3n.<br \/>\nEsto implica, en particular, que los datos personales recogidos disponen de un derecho de acceso, rectificaci\u00f3n, oposici\u00f3n a la comunicaci\u00f3n y supresi\u00f3n mediante simple solicitud por correo electr\u00f3nico a <a href=\"mailto:transfrontalier@sdis64.fr\">transfrontalier@sdis64.fr.<\/a><\/p>\n<p><strong>Esta informaci\u00f3n no se utilizar\u00e1 sin su consentimiento<\/strong>. S\u00f3lo la utilizaremos para enviarle cartas, folletos, presupuestos o para ponernos en contacto con usted.<br \/>\nCada a\u00f1o, le enviaremos un mensaje para asegurarnos de que acepta seguir recibiendo nuestros boletines. Si no responde, sus datos se eliminar\u00e1n al cabo de un a\u00f1o.<\/p>\n<h2>Cookies<\/h2>\n<p>La navegaci\u00f3n por la p\u00e1gina web del Servicio Departamental de Extinci\u00f3n de Incendios y Salvamento de los Pirineos Atl\u00e1nticos puede dar lugar a la grabaci\u00f3n o lectura de <strong>cookies<\/strong> en su ordenador, tel\u00e9fono m\u00f3vil o tableta, en funci\u00f3n de sus elecciones. Una cookie es un peque\u00f1o archivo de texto que se coloca en su ordenador, tel\u00e9fono m\u00f3vil o tableta cuando visita una p\u00e1gina web. Las cookies son gestionadas en su ordenador por su navegador web.<\/p>\n<p>Estas cookies tambi\u00e9n pueden utilizarse para <strong>mostrar publicidad dirigida<\/strong>. Cuando mostramos anuncios en nuestras p\u00e1ginas, tambi\u00e9n colocamos una o varias cookies permanentes en su ordenador o dispositivo para poder reconocerlo cada vez que se publica un anuncio. Al mostrar nuestros anuncios y los de nuestros socios publicitarios y editores en nuestras p\u00e1ginas web, podemos, con el tiempo, recopilar informaci\u00f3n sobre los tipos de p\u00e1ginas, contenidos y anuncios que usted, u otras personas que utilicen su ordenador, han visitado o visto. Utilizamos esta informaci\u00f3n para diversos fines. Por ejemplo, nos permite tratar de evitar que usted se vea expuesto a los mismos anuncios una y otra vez. Esta informaci\u00f3n tambi\u00e9n nos permite seleccionar y mostrar anuncios dirigidos que consideramos compatibles con sus preferencias.<\/p>\n<p>Estas cookies tambi\u00e9n pueden utilizarse para <strong>recopilar y analizar estad\u00edsticas de forma no nominativa<\/strong>. Podemos utilizar cookies para contar el n\u00famero de visitas, visitantes \u00fanicos, p\u00e1ginas vistas o para elaborar otras estad\u00edsticas generales sobre las actividades de nuestros sitios y servicios. Estos an\u00e1lisis nos permitir\u00e1n gestionar mejor estos sitios y servicios y mejorar su rendimiento.<\/p>\n<p>Puede optar por <strong>desactivar estas cookies<\/strong> en cualquier momento a trav\u00e9s de la configuraci\u00f3n de su navegador. Tambi\u00e9n puede configurar su navegador para que le avise de las cookies que se est\u00e1n almacenando en su ordenador y le pida que las acepte o no. Puede aceptar o rechazar las cookies caso por caso o rechazarlas sistem\u00e1ticamente de una vez por todas.<\/p>\n<p>Para saber <strong>m\u00e1s<\/strong> sobre la configuraci\u00f3n de las cookies en su navegador :<br \/>\n&#8211; <a href=\"https:\/\/support.mozilla.org\/fr\/kb\/activer-desactiver-cookies\">Firefox<\/a><br \/>\n&#8211; <a href=\"https:\/\/support.apple.com\/kb\/PH19214?viewlocale=fr_FR&amp;locale=fr_FR\">Safari<\/a><br \/>\n&#8211; <a href=\"https:\/\/support.google.com\/chrome\/answer\/95647?hl=fr\">Chrome<\/a><br \/>\n&#8211; <a href=\"http:\/\/windows.microsoft.com\/fr-FR\/internet-explorer\/delete-manage-cookies#ie=ie-11\">Explorador de Internet<\/a><\/p>\n<p>Para m\u00e1s informaci\u00f3n sobre las cookies, visite la p\u00e1gina web de la <strong>Comisi\u00f3n Nacional de Inform\u00e1tica y Libertades<\/strong> (CNIL): http: <a href=\"http:\/\/www.cnil.fr\/vos-libertes\/vos-traces\/les-cookies\/\">\/\/www.cnil.fr\/vos-libertes\/vos-traces\/les-cookies\/.<\/a><\/p>\n","protected":false},"excerpt":{"rendered":"<p>El presente aviso legal se aplica a todos los internautas que visiten la p\u00e1gina web del Servicio Departamental de Extinci\u00f3n [&hellip;]<\/p>\n","protected":false},"author":1,"featured_media":0,"parent":0,"menu_order":0,"comment_status":"closed","ping_status":"closed","template":"","meta":{"_acf_changed":false,"_seopress_robots_primary_cat":"","_seopress_titles_title":"","_seopress_titles_desc":"","_seopress_robots_index":"","footnotes":""},"class_list":["post-391","page","type-page","status-publish","hentry"],"acf":[],"lang":"es","translations":{"es":391,"fr":24},"pll_sync_post":[],"_links":{"self":[{"href":"https:\/\/www.interreg-alert.eu\/alert-pyr\/wp-json\/wp\/v2\/pages\/391","targetHints":{"allow":["GET"]}}],"collection":[{"href":"https:\/\/www.interreg-alert.eu\/alert-pyr\/wp-json\/wp\/v2\/pages"}],"about":[{"href":"https:\/\/www.interreg-alert.eu\/alert-pyr\/wp-json\/wp\/v2\/types\/page"}],"author":[{"embeddable":true,"href":"https:\/\/www.interreg-alert.eu\/alert-pyr\/wp-json\/wp\/v2\/users\/1"}],"replies":[{"embeddable":true,"href":"https:\/\/www.interreg-alert.eu\/alert-pyr\/wp-json\/wp\/v2\/comments?post=391"}],"version-history":[{"count":1,"href":"https:\/\/www.interreg-alert.eu\/alert-pyr\/wp-json\/wp\/v2\/pages\/391\/revisions"}],"predecessor-version":[{"id":392,"href":"https:\/\/www.interreg-alert.eu\/alert-pyr\/wp-json\/wp\/v2\/pages\/391\/revisions\/392"}],"wp:attachment":[{"href":"https:\/\/www.interreg-alert.eu\/alert-pyr\/wp-json\/wp\/v2\/media?parent=391"}],"curies":[{"name":"wp","href":"https:\/\/api.w.org\/{rel}","templated":true}]}}